s the remainder when 9694 is divided by 552?
310
Calculate the remainder when 15974 is divided by 235.
229
Calculate the remainder when 15050 is divided by 801.
632
Calculate the remainder when 368418 is divided by 130.
128
Calculate the remainder when 17054 is divided by 88.
70
What is the remainder when 1358768 is divided by 2025?
2018
What is the remainder when 343371 is divided by 67?
63
What is the remainder when 123484 is divided by 61733?
18
Calculate the remainder when 1167954 is divided by 21.
18
Calculate the remainder when 8748 is divided by 199.
191
What is the remainder when 2270 is divided by 741?
47
What is the remainder when 14391 is divided by 4762?
105
What is the remainder when 1896551 is divided by 159?
158
What is the remainder when 3090 is divided by 304?
50
What is the remainder when 4908 is divided by 43?
6
Calculate the remainder when 11456 is divided by 617.
350
Calculate the remainder when 1644 is divided by 237.
222
Calculate the remainder when 2340 is divided by 258.
18
What is the remainder when 724 is divided by 209?
97
What is the remainder when 5722 is divided by 272?
10
Calculate the remainder when 960618 is divided by 20.
18
Calculate the remainder when 7447 is divided by 141.
115
What is the remainder when 12914 is divided by 2149?
20
What is the remainder when 6219 is divided by 6173?
46
What is the remainder when 23683 is divided by 121?
88
Calculate the remainder when 239064 is divided by 327.
27
Calculate the remainder when 53846 is divided by 102.
92
What is the remainder when 45286 is divided by 200?
86
What is the remainder when 44684 is divided by 784?
780
Calculate the remainder when 132973 is divided by 132953.
20
What is the remainder when 496085 is divided by 29?
11
Calculate the remainder when 2041 is divided by 364.
221
What is the remainder when 27340 is divided by 825?
115
What is the remainder when 43715 is divided by 10827?
407
What is the remainder when 116215 is divided by 642?
13
What is the remainder when 18763 is divided by 567?
52
What is the remainder when 5633 is divided by 234?
17
What is the remainder when 142984 is divided by 2803?
31
Calculate the remainder when 797 is divided by 457.
340
Calculate the remainder when 346 is divided by 170.
6
What is the remainder when 31017 is divided by 10336?
9
Calculate the remainder when 184075 is divided by 346.
3
Calculate the remainder when 15654 is divided by 101.
100
What is the remainder when 6369 is divided by 45?
24
Calculate the remainder when 22974 is divided by 1044.
6
What is the remainder when 8058 is divided by 619?
11
What is the remainder when 112497 is divided by 516?
9
What is the remainder when 168952 is divided by 719?
706
What is the remainder when 2022 is divided by 655?
57
Calculate the remainder when 3350 is divided by 284.
226
Calculate the remainder when 1173861 is divided by 79.
0
Calculate the remainder when 4151 is divided by 246.
215
Calculate the remainder when 3355 is divided by 198.
187
What is the remainder when 918 is divided by 859?
59
What is the remainder when 4467 is divided by 5?
2
What is the remainder when 5847416 is divided by 158?
152
Calculate the remainder when 26461 is divided by 2646.
1
What is the remainder when 275245 is divided by 11967?
4
What is the remainder when 6731 is divided by 215?
66
What is the remainder when 4899045 is divided by 77?
74
Calculate the remainder when 22865 is divided by 77.
73
What is the remainder when 2160 is divided by 1006?
148
Calculate the remainder when 12164 is divided by 3041.
0
What is the remainder when 3935391 is divided by 77?
75
What is the remainder when 403073 is divided by 441?
440
Calculate the remainder when 25015 is divided by 2774.
49
What is the remainder when 584391 is divided by 295?
291
Calculate the remainder when 261208 is divided by 230.
158
What is the remainder when 8826 is divided by 19?
10
Calculate the remainder when 38856 is divided by 19397.
62
Calculate the remainder when 573405 is divided by 99.
96
What is the remainder when 400 is divided by 26?
10
What is the remainder when 163747 is divided by 14885?
12
What is the remainder when 26528 is divided by 698?
4
What is the remainder when 10895 is divided by 4862?
1171
What is the remainder when 49083 is divided by 208?
203
Calculate the remainder when 4237593 is divided by 594.
591
Calculate the remainder when 36771 is divided by 133.
63
What is the remainder when 1136 is divided by 14?
2
What is the remainder when 2302 is divided by 382?
10
What is the remainder when 1074 is divided by 187?
139
What is the remainder when 26068 is divided by 33?
31
Calculate the remainder when 11121 is divided by 54.
51
What is the remainder when 18879 is divided by 142?
135
What is the remainder when 728685 is divided by 242886?
27
Calculate the remainder when 1800 is divided by 191.
81
Calculate the remainder when 43087 is divided by 278.
275
Calculate the remainder when 7954 is divided by 419.
412
Calculate the remainder when 8276 is divided by 15.
11
What is the remainder when 71609 is divided by 11932?
17
What is the remainder when 12164 is divided by 58?
42
Calculate the remainder when 614 is divided by 100.
14
Calculate the remainder when 54519 is divided by 47.
46
Calculate the remainder when 878 is divided by 15.
8
What is the remainder when 629195 is divided by 269?
4
What is the remainder when 2503 is divided by 176?
39
What is the remainder when 45758 is divided by 67?
64
What is the remainder when 36576 is divided by 137?
134
What is the remainder when 14510 is divided by 14438?
72
Calculate the remainder when 8304 is divided by 195.
114
What is the remainder when 2804 is divided by 33?
32
Calculate the remainder when 22674 is divided by 755.
24
Calculate the remainder when 8618 is divided by 79.
7
Calculate the remainder when 202357 is divided by 14453.
15
Calculate the remainder when 1762 is divided by 152.
90
Calculate the remainder when 2405 is divided by 753.
146
What is the remainder when 2577 is divided by 626?
73
What is the remainder when 734 is divided by 86?
46
What is the remainder when 22189 is divided by 3695?
19
What is the remainder when 215409 is divided by 1082?
91
Calculate the remainder when 7523 is divided by 83.
53
Calculate the remainder when 131584 is divided by 21930.
4
What is the remainder when 55859 is divided by 665?
664
What is the remainder when 1063 is divided by 526?
11
Calculate the remainder when 29565 is divided by 25.
15
Calculate the remainder when 3344 is divided by 3212.
132
Calculate the remainder when 18399 is divided by 46.
45
Calculate the remainder when 67710 is divided by 5632.
126
What is the remainder when 12079 is divided by 107?
95
What is the remainder when 44635 is divided by 757?
729
Calculate the remainder when 20445 is divided by 216.
141
Calculate the remainder when 3495 is divided by 3369.
126
What is the remainder when 20756 is divided by 236?
224
Calculate the remainder when 1225213 is divided by 151.
150
Calculate the remainder when 638 is divided by 58.
0
Calculate the remainder when 144465 is divided by 12.
9
Calculate the remainder when 896 is divided by 139.
62
Calculate the remainder when 35793 is divided by 200.
193
What is the remainder when 802 is divided by 203?
193
What is the remainder when 19289 is divided by 98?
81
Calculate the remainder when 117252 is divided by 11725.
2
What is the remainder when 443189 is divided by 237?
236
Calculate the remainder when 2838 is divided by 1415.
8
Calculate the remainder when 11350 is divided by 3696.
262
What is the remainder when 1913437 is divided by 191?
190
Calculate the remainder when 2213 is divided by 445.
433
Calculate the remainder when 46114 is divided by 23.
22
What is the remainder when 7697 is divided by 248?
9
What is the remainder when 15375 is divided by 28?
3
What is the remainder when 959 is divided by 298?
65
Calculate the remainder when 84089 is divided by 725.
714
What is the remainder when 19731 is divided by 1094?
39
Calculate the remainder when 118279 is divided by 40.
39
Calculate the remainder when 15671 is divided by 749.
691
Calculate the remainder when 41899 is divided by 1397.
1386
Calculate the remainder when 292948 is divided by 23.
20
What